{"id":1700,"date":"2022-02-13T18:10:42","date_gmt":"2022-02-13T17:10:42","guid":{"rendered":"https:\/\/hannes.enjoys.it\/blog\/?page_id=1700"},"modified":"2023-02-12T20:29:06","modified_gmt":"2023-02-12T19:29:06","slug":"fossgis-jeopardy-2022","status":"publish","type":"page","link":"https:\/\/hannes.enjoys.it\/blog\/fossgis-jeopardy-2022\/","title":{"rendered":"FOSSGIS-Jeopardy 2022"},"content":{"rendered":"\n<p>Nach dem gro\u00dfen Erfolg der FOSSGIS-Jeopardys [<a href=\"https:\/\/media.ccc.de\/v\/fossgis2021-7648-fossgis-jeopardy-1\">1<\/a>, <a href=\"https:\/\/media.ccc.de\/v\/fossgis2021-9456-fossgis-jeopardy-2\">2<\/a>] im letzten Jahr veranstalten wir auch zur FOSSGIS 2022 wieder eine lustige <s>Rate<\/s>Wissensrunde. Diesmal am <a href=\"https:\/\/pretalx.com\/fossgis2022\/talk\/8CFXUG\/\">Mittwoch ab 18 Uhr<\/a>. Hier mal Informationen zum Ablauf, zur Anmeldung und zu den <em>grandiosen<\/em> Preisen.<\/p>\n\n\n\n<h2 class=\"wp-block-heading\" id=\"genereller-ablauf\">Genereller Ablauf<\/h2>\n\n\n\n<p>Jeopardy ist ein ungekehrtes Frage-Antwort-Spiel. Es erscheint eine Aussage oder ein Bild und die SpielerInnen versuchen, die passende Frage zu wissen. Klingt komplizierter als es ist. Zum Beispiel k\u00f6nnte eine Aussage sein &#8220;Dieser Verein veranstaltet die FOSSGIS-Konferenz&#8221; und eine richtige Frage dazu w\u00e4re &#8220;Was ist der FOSSGIS-Verein&#8221;. Die Aufgaben sind unterschiedlich viele Punkte wert und am Ende gewinnt der\/die SpielerIn mit den meisten Punkten.<\/p>\n\n\n\n<p>Wir planen eine Runde mit vier TeilnehmerInnen zu spielen, die mit Humor, Spa\u00df und Kompetenz(???) ihr Wissen auf die Probe stellen. Alle anderen KonferenzteilnehmerInnen k\u00f6nnen sich zur\u00fccklehnen und das Spiel per Stream auf B\u00fchne 1 live mitverfolgen.<\/p>\n\n\n<div class=\"wp-block-image\">\n<figure class=\"alignright size-large\"><img loading=\"lazy\" decoding=\"async\" width=\"400\" height=\"238\" src=\"https:\/\/hannes.enjoys.it\/blog\/wp-content\/uploads\/image-27.png\" alt=\"\" class=\"wp-image-1578\" srcset=\"https:\/\/hannes.enjoys.it\/blog\/wp-content\/uploads\/image-27.png 400w, https:\/\/hannes.enjoys.it\/blog\/wp-content\/uploads\/image-27-300x179.png 300w\" sizes=\"auto, (max-width: 400px) 100vw, 400px\" \/><\/figure>\n<\/div>\n\n\n<p>Wir schalten uns dazu mit den TeilnehmerInnen via <a href=\"https:\/\/obs.ninja\/\">OBS.Ninja<\/a> in einer Videokonferenz zusammen. Dort wird auch das &#8220;Spielbrett&#8221; sichtbar sein und ein fairer, m\u00f6glichst verz\u00f6gerungsfreier Ablauf m\u00f6glich sein. Gebuzzert wird \u00fcber eine kleine Webseite, die idealerweise auf dem Handy ge\u00f6ffnet wird. Es muss nichts installiert werden. In den Konferenzstream wird ein zusammengestelltes Bild mit den TeilnehmerInnen, dem Spielbrett und den Hosts \u00fcbermittelt.<\/p>\n\n\n\n<p>Es wird garantiert lustig, chaotisch, lehrreich, am\u00fcsant und f\u00fcr alle Beteiligten ein Heidenspa\u00df. Nur keine Hemmungen! Welche Kartenprojektion ist nochmal die, wo Gr\u00f6nland so gro\u00df wie Afrika dargestellt wird? Was macht <a href=\"https:\/\/docs.qgis.org\/2.8\/en\/_images\/mActionCalculateField.png\">dieses Icon<\/a> in QGIS? Was f\u00fcr ein Datenformat ist <code>{\"type\": \"Point\", \"coordinates\": [10, 20]}<\/code>? Welches Logo ist <a href=\"https:\/\/mpng.subpng.com\/20180328\/ige\/kisspng-leaflet-javascript-library-web-browser-plug-in-sof-leaflet-5abbab56a7bfc0.9378939815222485346871.jpg\">das<\/a>? Wusstest du was? Dann spiel mit!<\/p>\n\n\n\n<h2 class=\"wp-block-heading\" id=\"anmeldung\">Anmeldung<\/h2>\n\n\n\n<p><strong>Zu sp\u00e4t, alle Pl\u00e4tze sind mittlerweile belegt! :)<\/strong><\/p>\n\n\n\n<p><s>Wenn Du mitspielen m\u00f6chtest, schicke mir einfach eine Mail an <strong>fossgis \u00c4t johanneskroeger P\u00fcnktchen de<\/strong>.<\/s> Du brauchst das \u00fcbliche Standard-Setup f\u00fcr 2020\/2021\/2022: Mikrofon+Webcam, eine m\u00f6glichst stabile Internetverbindung, idealerweise ein Handy in der Hand (f\u00fcr den Buzzer) und gute Laune. Weitere Infos zum Ablauf folgen dann per individueller Mail.<\/p>\n\n\n\n<h2 class=\"wp-block-heading\" id=\"preise\">Preise<\/h2>\n\n\n\n<p>Dank spendabler Sponsoren gibt es wieder ein tolles Angebot an Preisen. Unterst\u00fctzer sind (in alphabetischer Reihenfolge): <a href=\"https:\/\/www.camptocamp.com\/\">camptocamp<\/a>, <a href=\"https:\/\/www.fossgis.de\/\">FOSSGIS e.V.<\/a>, <a href=\"https:\/\/oreilly.de\/\">O&#8217;Reilly<\/a>, <a href=\"https:\/\/wheregroup.com\/\">WhereGroup<\/a>. Wir sind nat\u00fcrlich jederzeit offen f\u00fcr weiteres Sponsoring, ich habe mich dieses Jahr stark zur\u00fcckgehalten, was das aktive Einwerben angeht. ;)<\/p>\n\n\n\n<p>Jede\/r TeilnehmerIn darf sich am Ende eines Spiels einen Preis &#8211; oder sogar mehrere &#8211; aussuchen. Wer gewinnt, w\u00e4hlt nat\u00fcrlich zuerst, aber niemand geht leer aus. Im Gegenteil!<\/p>\n\n\n\n<p>Und es wird auch wieder Publikumspreise f\u00fcr aufmerksame Besserwisser geben.<\/p>\n\n\n\n<p>Es gibt \u2014 B\u00fcchergutscheine, einen Lego-Globus, einen Rucksack, Taschenmesser, T-Shirts, &#8230;!<\/p>\n\n\n\n<h2 class=\"wp-block-heading\">Was wurde gespielt?<\/h2>\n\n\n\n<p>Hier das &#8220;Spielbrett&#8221;:<\/p>\n\n\n\n<p><a href=\"https:\/\/hannes.enjoys.it\/geo\/fossgis%20jeopardy\/alt\/set_20220309.yml.html\">https:\/\/hannes.enjoys.it\/geo\/fossgis%20jeopardy\/alt\/set_20220309.yml.html<\/a><\/p>\n\n\n\n<h2 class=\"wp-block-heading\">Aufzeichnung<\/h2>\n\n\n\n<figure class=\"wp-block-embed is-type-wp-embed is-provider-media-ccc-de wp-block-embed-media-ccc-de\"><div class=\"wp-block-embed__wrapper\">\n<iframe loading=\"lazy\" class=\"wp-embedded-content\" sandbox=\"allow-scripts\" security=\"restricted\" title=\"FOSSGIS-Jeopardy\" src=\"https:\/\/media.ccc.de\/v\/fossgis2022-14170-fossgis-jeopardy\/oembed#?secret=jgL8b1mhi8\" data-secret=\"jgL8b1mhi8\" width=\"625\" height=\"720\" frameborder=\"0\" scrolling=\"no\"><\/iframe>\n<\/div><\/figure>\n\n\n\n<p><\/p>\n","protected":false},"excerpt":{"rendered":"<p>Nach dem gro\u00dfen Erfolg der FOSSGIS-Jeopardys [1, 2] im letzten Jahr veranstalten wir auch zur FOSSGIS 2022 wieder eine lustige RateWissensrunde. Diesmal am Mittwoch ab 18 Uhr. Hier mal Informationen zum Ablauf, zur Anmeldung und zu den grandiosen Preisen. Genereller Ablauf Jeopardy ist ein ungekehrtes Frage-Antwort-Spiel. Es erscheint eine Aussage oder ein Bild und die [&hellip;]<\/p>\n","protected":false},"author":1,"featured_media":0,"parent":0,"menu_order":0,"comment_status":"closed","ping_status":"closed","template":"","meta":{"footnotes":""},"class_list":["post-1700","page","type-page","status-publish","hentry"],"_links":{"self":[{"href":"https:\/\/hannes.enjoys.it\/blog\/wp-json\/wp\/v2\/pages\/1700","targetHints":{"allow":["GET"]}}],"collection":[{"href":"https:\/\/hannes.enjoys.it\/blog\/wp-json\/wp\/v2\/pages"}],"about":[{"href":"https:\/\/hannes.enjoys.it\/blog\/wp-json\/wp\/v2\/types\/page"}],"author":[{"embeddable":true,"href":"https:\/\/hannes.enjoys.it\/blog\/wp-json\/wp\/v2\/users\/1"}],"replies":[{"embeddable":true,"href":"https:\/\/hannes.enjoys.it\/blog\/wp-json\/wp\/v2\/comments?post=1700"}],"version-history":[{"count":5,"href":"https:\/\/hannes.enjoys.it\/blog\/wp-json\/wp\/v2\/pages\/1700\/revisions"}],"predecessor-version":[{"id":1858,"href":"https:\/\/hannes.enjoys.it\/blog\/wp-json\/wp\/v2\/pages\/1700\/revisions\/1858"}],"wp:attachment":[{"href":"https:\/\/hannes.enjoys.it\/blog\/wp-json\/wp\/v2\/media?parent=1700"}],"curies":[{"name":"wp","href":"https:\/\/api.w.org\/{rel}","templated":true}]}}